00122200?
-121111112
In base 14, what is 50cdb + -4d7?
50804
In base 7, what is 1001 - 26653?
-25652
In base 12, what is -5b684a21 + 2?
-5b684a1b
In base 5, what is 44 - 313233111?
-313233012
In base 13, what is -3018 + a1?
-2c47
In base 16, what is -1d4f - 26a18?
-28767
In base 10, what is -52 + -710681?
-710733
In base 2, what is 111011110101110000000010011 - 0?
111011110101110000000010011
In base 3, what is -1201101010001102 + -11?
-1201101010001120
In base 4, what is -11 - 2110112120133?
-2110112120210
In base 11, what is 1831 + -3939?
-2108
In base 8, what is 7 + -12716216?
-12716207
In base 10, what is -521466648 - 2?
-521466650
In base 3, what is -11 + -102202110112021?
-102202110112102
In base 2, what is -101 + 111011100100000100110100?
111011100100000100101111
In base 14, what is -34 + -22856?
-2288a
In base 15, what is -10 + -23ad89?
-23ad99
In base 11, what is -1 + -a6045?
-a6046
In base 7, what is -6063 + 4641411?
4632315
In base 10, what is 6480 - -165780?
172260
In base 3, what is -110210000121020 - 1112?
-110210000122202
In base 15, what is -5a - -212cd4?
212c79
In base 11, what is -158414986 + 5?
-158414981
In base 4, what is 2311310221 + 3?
2311310230
In base 15, what is 34b0 - -518?
39c8
In base 15, what is 4cd + -21a78?
-2159a
In base 11, what is 63a719 - 37?
63a692
In base 16, what is -11 - -b3c0cb?
b3c0ba
In base 3, what is -11021201100020102 + 20?
-11021201100020012
In base 16, what is 68 - baa8?
-ba40
In base 10, what is 3 + -11573529?
-11573526
In base 4, what is 1120031 + 112011030?
113131121
In base 7, what is -1 + 103001215?
103001214
In base 14, what is 1a115 - bc?
1a037
In base 11, what is 7 - -4332756?
4332762
In base 15, what is -b03 - -e5c9?
d9c6
In base 15, what is -68 + -820930?
-820998
In base 15, what is 2 - -2d512c6?
2d512c8
In base 8, what is -157463 - -774?
-156467
In base 14, what is 42136b2 - 3?
42136ad
In base 9, what is 6618 + 2242?
8861
In base 7, what is -450466313 - 3?
-450466316
In base 12, what is -81904533 - -3?
-81904530
In base 13, what is -327c5a1 - -12?
-327c58c
In base 3, what is -12 + 11102200012112201?
11102200012112112
In base 4, what is -11 + -3322222010303?
-3322222010320
In base 13, what is ab + 399b?
3a79
In base 10, what is -8303175 + 54?
-8303121
In base 16, what is 3 + -32ee6a?
-32ee67
In base 9, what is 4 + -150805430?
-150805425
In base 7, what is 436420 + -3236?
433151
In base 5, what is -143224 - 10021324?
-10220103
In base 5, what is -1033202 + -11401?
-1100103
In base 12, what is -21 + 19029330?
1902930b
In base 14, what is -255516 + -d1?
-255607
In base 2, what is 101000111111001101000 + 101?
101000111111001101101
In base 5, what is 21021 + -21422011?
-21400440
In base 6, what is 15135 - 15315?
-140
In base 15, what is 29722 + ced?
2a520
In base 2, what is 11 - 10000010111001110011001100?
-10000010111001110011001001
In base 15, what is d + -ddbe6e?
-ddbe61
In base 2, what is 0 - -10010001000011110101001?
10010001000011110101001
In base 13, what is 4c53 + -491?
4792
In base 12, what is -175 + -27a1?
-2956
In base 7, what is 1 - -230464?
230465
In base 14, what is 21d5a + -60?
21cda
In base 4, what is -12301320001 + 20013?
-12301233322
In base 14, what is 3 - 638317?
-638314
In base 11, what is 5185 - 2514?
2771
In base 5, what is -43124021 - 3134?
-43132210
In base 2, what is 111000110101111100101111111 - 1?
111000110101111100101111110
In base 9, what is 171818 - 3?
171815
In base 9, what is -12483184 - -76?
-12483107
In base 7, what is -140016113 + 164?
-140015616
In base 5, what is -31303 - 214123?
-300431
In base 5, what is -142320 - -13004?
-124311
In base 12, what is 3937 - 72415?
-6a69a
In base 13, what is -7388a172 + 1?
-7388a171
In base 8, what is -15166415 - 5?
-15166422
In base 9, what is -1327 - 501658?
-503086
In base 8, what is -562 + 1155121?
1154337
In base 15, what is -b06144 + 3?
-b06141
In base 8, what is 156057136 + -4?
156057132
In base 2, what is 10 + -1001000111010110000001001010?
-1001000111010110000001001000
In base 12, what is -565b144 - -5?
-565b13b
In base 14, what is 25345 + 312?
25657
In base 4, what is 20000 + -1030100?
-1010100
In base 9, what is 1677 + 18223?
21011
In base 4, what is 102 + -10201201030?
-10201200322
In base 7, what is 453265242 - -3?
453265245
In base 5, what is -13010 - 43413211?
-43431221
In base 6, what is -241 + -123113450?
-123114131
In base 14, what is 1933 + -3a8?
1569
In base 8, what is -23037 - -1165?
-21652
In base 2, what is -101011011000111 - -111011011100?
-100011111101011
In base 16, what is 1b3 - -107d1?
10984
In base 4, what is 3000130222230 + -11?
3000130222213
In base 6, what is -200220 + 12235?
-143541
In base 16, what is 338ab - d?
3389e
In base 11, what is 310401 - 101?
310300
In base 9, what is 20081 + -4058?
15022
In base 11, what is 18a186a - -41?
18a1900
In base 16, what is d467e - 41?
d463d
In base 6, what is 135143235 - 41?
135143154
In base 7, what is 5601325 + -16?
5601306
In base 3, what is -1210210 - -1102110020?
1100122110
In base 16, what is -58 - -39898?
39840
In base 6, what is 43241102 + -535?
43240123
In base 16, what is -14cb - 4a1d?
-5ee8
In base 11, what is 12403 - -51?
12454
In base 14, what is 170 - bd57a?
-bd40a
In base 7, what is 14060540204 - -1?
14060540205
In base 8, what is 5170304 + -75?
5170207
In base 7, what is 351144 + 623?
352100
In base 2, what is 111011101110000000001 + 1110?
111011101110000001111
In base 15, what is 147b297c + -2?
147b297a
In base 6, what is 15550 - 10015?
5531
In base 14, what is 177d970 + -2?
177d96c
In base 16, what is -2d5ac910 + -2?
-2d5ac912
In base 4, what is -1221 - -321332201?
321330320
In base 11, what is -a568227 + -5?
-a568231
In base 7, what is -1353065 + 14402?
-1335363
In base 14, what is c - 3cd5?
-3cc7
In base 3, what is -21220112022 - -202?
-21220111120
In base 15, what is -8ce6eeca - 0?
-8ce6eeca
In base 3, what is -220 + -21211121021?
-21211122011
In base 14, what is -2122b6 + 1d3?
-2120c3
In base 8, what is -3444635770 - 3?
-3444635773
In base 3, what is 1021021200220021 + -11?
1021021200220010
In base 2, what is 1010110001110110111011111 - 101?
1010110001110110111011010
In base 10, what is -75819461 - -10?
-75819451
In base 12, what is -22 + 122a38?
122a16
In base 13, what is 91 + -47475c?
-47469b
In base 15, what is -6a8d54 + -1d?
-6a8d72
In base 10, what is -469994 + 191?
-469803
In base 14, what is -4bb97c6 - 7?
-4bb97cd
In base 5, what is -303314004 + -13?
-303314022
In base 5, what is -1203202 + 3032?
-1200120
In base 9, what is 11804 + 16404?
28308
In base 16, what is -a7f6 + -cc7?
-b4bd
In base 9, what is 70730 + -3163?
66556
In base 11, what is -26910 + 60?
-26860
In base 5, what is -30431324103 - 3?
-30431324111
In base 3, what is 1102 + 2011111012020?
2011111020122
In base 4, what is -123 - 1130321032?
-1130321221
In base 5, what is 1122234341 - -13?
1122234404
In base 5, what is -1321214 + -441341?
-2313110
In base 8, what is 104 + -65604?
-65500
In base 11, what is -11040a2 + 390?
-1103812
In base 12, what is 6b2590 + -13?
6b2579
In base 13, what is -2b16 - -1bcc3?
191aa
In base 10, what is -74 - 1087671?
-1087745
In base 9, what is 7 - 3771614?
-3771606
In base 2, what is 1100011001111100 - 100001?
1100011001011011
In base 10, what is -480851576 + -3?
-480851579
In base 9, what is 1621 + -158?
1452
In base 2, what is -101 + -1010010110000001001111100?
-1010010110000001010000001
In base 14, what is 148287 - -1?
148288
In base 3, what is 201 - 110002200001?
-110002122100
In base 11, what is -695 + 5072?
4488
In base 11, what is -2849 + -4166?
-6a04
In base 15, what is 8 - -e4b335?
e4b33d
In base 9, what is 1 + 23861533?
23861534
In base 6, what is 1 - 1441313041?
-1441313040
In base 4, what is 313 - -11303310?
11310223
In base 6, what is 4 - -10132112212?
10132112220
In base 16, what is 70 + -59ce5?
-59c75
In base 15, what is 44a61a + -3?
44a617
In base 8, what is -33165 + -34555?
-67742
In base 7, what is -31042 - -426235?
365163
In base 2, what is -10111011110000011001100101 - -1?
-10111011110000011001100100
In base 15, what is 11e42 - -d6e?
12cb1
In base 11, what is -3 + -9469074?
-9469077
In base 4, what is -2300130201 + -32?
-2300130233
In base 4, what is 122300 + 33123?
222023
In base 7, what is 5 - 10362420?
-